{"id":54,"date":"2025-09-11T14:21:01","date_gmt":"2025-09-11T12:21:01","guid":{"rendered":"https:\/\/www.grote-office.de\/?page_id=54"},"modified":"2025-10-05T22:06:29","modified_gmt":"2025-10-05T20:06:29","slug":"birgit-grote-buchhaltung","status":"publish","type":"page","link":"https:\/\/www.grote-office.de\/","title":{"rendered":"Startseite"},"content":{"rendered":"\n<hr class=\"wp-block-separator alignfull has-alpha-channel-opacity is-style-wide\"\/>\n\n\n\n<div class=\"wp-block-columns is-layout-flex wp-container-core-columns-is-layout-28f84493 wp-block-columns-is-layout-flex\">\n<div class=\"wp-block-column is-layout-flow wp-block-column-is-layout-flow\" style=\"padding-top:var(--wp--preset--spacing--10);padding-bottom:var(--wp--preset--spacing--10)\">\n<div class=\"wp-block-columns is-layout-flex wp-container-core-columns-is-layout-20bb992b wp-block-columns-is-layout-flex\" style=\"margin-top:0;margin-bottom:0;padding-top:0;padding-right:0;padding-bottom:0;padding-left:0\">\n<div class=\"wp-block-column is-vertically-aligned-center is-layout-flow wp-block-column-is-layout-flow\">\n<h3 class=\"wp-block-heading has-text-align-center fancybox-inline\">f\u00fcr Unternehmen<\/h3>\n\n\n\n<div class=\"wp-block-buttons is-content-justification-center is-layout-flex wp-container-core-buttons-is-layout-a89b3969 wp-block-buttons-is-layout-flex\">\n<div class=\"wp-block-button fancybox-inline is-style-fill\"><a class=\"wp-block-button__link has-accent-4-background-color has-background wp-element-button\" href=\"#unternehmen\" style=\"border-radius:15px\">Details<\/a><\/div>\n<\/div>\n<\/div>\n\n\n\n<div class=\"wp-block-column is-layout-flow wp-block-column-is-layout-flow\">\n<figure class=\"wp-block-image size-large is-resized is-style-rounded fancybox-inline wp-duotone-unset-2 is-style-rounded--1\"><img loading=\"lazy\" decoding=\"async\" width=\"1024\" height=\"683\" src=\"https:\/\/www.grote-office.de\/wp-content\/uploads\/2025\/09\/scott-graham-5fNmWej4tAA-unsplash-1024x683.jpg\" alt=\"\" class=\"wp-image-95\" style=\"width:399px;height:auto\" srcset=\"https:\/\/www.grote-office.de\/wp-content\/uploads\/2025\/09\/scott-graham-5fNmWej4tAA-unsplash-1024x683.jpg 1024w, https:\/\/www.grote-office.de\/wp-content\/uploads\/2025\/09\/scott-graham-5fNmWej4tAA-unsplash-300x200.jpg 300w, https:\/\/www.grote-office.de\/wp-content\/uploads\/2025\/09\/scott-graham-5fNmWej4tAA-unsplash-768x513.jpg 768w, https:\/\/www.grote-office.de\/wp-content\/uploads\/2025\/09\/scott-graham-5fNmWej4tAA-unsplash-1536x1025.jpg 1536w, https:\/\/www.grote-office.de\/wp-content\/uploads\/2025\/09\/scott-graham-5fNmWej4tAA-unsplash-2048x1367.jpg 2048w\" sizes=\"auto, (max-width: 1024px) 100vw, 1024px\" \/><figcaption class=\"wp-element-caption\">Foto von Scott Graham auf Unsplash<\/figcaption><\/figure>\n<\/div>\n<\/div>\n<\/div>\n<\/div>\n\n\n\n<hr class=\"wp-block-separator has-alpha-channel-opacity is-style-wide\"\/>\n\n\n\n<div class=\"wp-block-columns is-layout-flex wp-container-core-columns-is-layout-28b55a6e wp-block-columns-is-layout-flex\" style=\"padding-top:var(--wp--preset--spacing--10);padding-bottom:var(--wp--preset--spacing--10)\">\n<div class=\"wp-block-column is-layout-flow wp-block-column-is-layout-flow\">\n<figure class=\"wp-block-image size-large is-style-rounded fancybox-inline is-style-rounded--3\"><img loading=\"lazy\" decoding=\"async\" width=\"1024\" height=\"720\" src=\"https:\/\/www.grote-office.de\/wp-content\/uploads\/2025\/09\/kelly-sikkema-M98NRBuzbpc-unsplash-1024x720.jpg\" alt=\"\" class=\"wp-image-94\" srcset=\"https:\/\/www.grote-office.de\/wp-content\/uploads\/2025\/09\/kelly-sikkema-M98NRBuzbpc-unsplash-1024x720.jpg 1024w, https:\/\/www.grote-office.de\/wp-content\/uploads\/2025\/09\/kelly-sikkema-M98NRBuzbpc-unsplash-300x211.jpg 300w, https:\/\/www.grote-office.de\/wp-content\/uploads\/2025\/09\/kelly-sikkema-M98NRBuzbpc-unsplash-768x540.jpg 768w, https:\/\/www.grote-office.de\/wp-content\/uploads\/2025\/09\/kelly-sikkema-M98NRBuzbpc-unsplash-1536x1080.jpg 1536w, https:\/\/www.grote-office.de\/wp-content\/uploads\/2025\/09\/kelly-sikkema-M98NRBuzbpc-unsplash-2048x1440.jpg 2048w\" sizes=\"auto, (max-width: 1024px) 100vw, 1024px\" \/><figcaption class=\"wp-element-caption\">Foto von Kelly Sikkema auf Unsplash<\/figcaption><\/figure>\n<\/div>\n\n\n\n<div class=\"wp-block-column is-vertically-aligned-center is-layout-flow wp-block-column-is-layout-flow\">\n<h3 class=\"wp-block-heading has-text-align-center fancybox-inline\">f\u00fcr Steuerberater<\/h3>\n\n\n\n<div class=\"wp-block-buttons is-content-justification-center is-layout-flex wp-container-core-buttons-is-layout-a89b3969 wp-block-buttons-is-layout-flex\">\n<div class=\"wp-block-button fancybox-inline\"><a class=\"wp-block-button__link has-accent-4-background-color has-background wp-element-button\" href=\"#steuerberater\" style=\"border-radius:15px\">Details<\/a><\/div>\n<\/div>\n<\/div>\n<\/div>\n\n\n\n<hr class=\"wp-block-separator has-alpha-channel-opacity is-style-wide\"\/>\n\n\n\n<div class=\"wp-block-columns is-layout-flex wp-container-core-columns-is-layout-28f84493 wp-block-columns-is-layout-flex\">\n<div class=\"wp-block-column is-vertically-aligned-center is-layout-flow wp-block-column-is-layout-flow\">\n<h3 class=\"wp-block-heading has-text-align-center fancybox-inline is-style-default\">f\u00fcr Privatpersonen<\/h3>\n\n\n\n<div class=\"wp-block-buttons is-content-justification-center is-layout-flex wp-container-core-buttons-is-layout-a89b3969 wp-block-buttons-is-layout-flex\">\n<div class=\"wp-block-button fancybox-inline\"><a class=\"wp-block-button__link has-accent-4-background-color has-background wp-element-button\" href=\"#privatpersonen\" style=\"border-radius:15px\">Details<\/a><\/div>\n<\/div>\n<\/div>\n\n\n\n<div class=\"wp-block-column is-layout-flow wp-block-column-is-layout-flow\" style=\"padding-top:var(--wp--preset--spacing--10);padding-bottom:var(--wp--preset--spacing--10)\">\n<figure class=\"wp-block-image size-large is-style-rounded fancybox-inline is-style-rounded--4\"><img loading=\"lazy\" decoding=\"async\" width=\"1024\" height=\"683\" src=\"https:\/\/www.grote-office.de\/wp-content\/uploads\/2025\/10\/micheile-henderson-SoT4-mZhyhE-unsplash-1024x683.jpg\" alt=\"\" class=\"wp-image-243\" srcset=\"https:\/\/www.grote-office.de\/wp-content\/uploads\/2025\/10\/micheile-henderson-SoT4-mZhyhE-unsplash-1024x683.jpg 1024w, https:\/\/www.grote-office.de\/wp-content\/uploads\/2025\/10\/micheile-henderson-SoT4-mZhyhE-unsplash-300x200.jpg 300w, https:\/\/www.grote-office.de\/wp-content\/uploads\/2025\/10\/micheile-henderson-SoT4-mZhyhE-unsplash-768x512.jpg 768w, https:\/\/www.grote-office.de\/wp-content\/uploads\/2025\/10\/micheile-henderson-SoT4-mZhyhE-unsplash-1536x1024.jpg 1536w, https:\/\/www.grote-office.de\/wp-content\/uploads\/2025\/10\/micheile-henderson-SoT4-mZhyhE-unsplash-2048x1365.jpg 2048w\" sizes=\"auto, (max-width: 1024px) 100vw, 1024px\" \/><figcaption class=\"wp-element-caption\">Foto von micheile henderson auf Unsplash<\/figcaption><\/figure>\n<\/div>\n<\/div>\n\n\n\n<hr class=\"wp-block-separator has-alpha-channel-opacity is-style-wide\"\/>\n\n\n\n<figure class=\"wp-block-image aligncenter size-full is-resized\" style=\"margin-top:var(--wp--preset--spacing--20);margin-bottom:var(--wp--preset--spacing--20)\"><img loading=\"lazy\" decoding=\"async\" width=\"506\" height=\"167\" src=\"https:\/\/www.grote-office.de\/wp-content\/uploads\/2025\/09\/bbh-Logo-normal-4c.png\" alt=\"\" class=\"wp-image-165\" style=\"width:390px;height:auto\" srcset=\"https:\/\/www.grote-office.de\/wp-content\/uploads\/2025\/09\/bbh-Logo-normal-4c.png 506w, https:\/\/www.grote-office.de\/wp-content\/uploads\/2025\/09\/bbh-Logo-normal-4c-300x99.png 300w\" sizes=\"auto, (max-width: 506px) 100vw, 506px\" \/><\/figure>\n\n\n\n<div style=\"margin-top:0;margin-bottom:0;height:25px\" aria-hidden=\"true\" class=\"wp-block-spacer\"><\/div>\n\n\n\n<hr class=\"wp-block-separator has-alpha-channel-opacity is-style-wide\"\/>\n\n\n\n<h5 class=\"wp-block-heading\"><strong>Wir k\u00fcmmern uns um Ihre Buchhaltung, nicht um Ihre Steuer- und Rechtsbelange<\/strong><\/h5>\n\n\n\n<p><strong>*<\/strong> Das Buchen der laufenden Gesch\u00e4ftsvorf\u00e4lle erfolgt ausschlie\u00dflich im Rahmen der Beschr\u00e4nkungen des StBerG nach \u00a7 6 Nr. 4 StBerG). Es erfolgt somit keine Steuer- und Rechtsberatung. Die Leistungen umfassen das Buchen laufender Gesch\u00e4ftsvorf\u00e4lle und der laufenden Lohnabrechnung.<\/p>\n\n\n\n<div id=\"unternehmen\" class=\"wp-block-group fancybox-hidden has-global-padding is-layout-constrained wp-block-group-is-layout-constrained\">\n<ul class=\"wp-block-list\">\n<li>Buchen lfd. Gesch\u00e4ftsvorf\u00e4lle der Finanzbuchhaltung<\/li>\n\n\n\n<li>Lfd. Lohn- und Gehaltsabrechnungen<\/li>\n<\/ul>\n<\/div>\n\n\n\n<div id=\"steuerberater\" class=\"wp-block-group fancybox-hidden has-global-padding is-layout-constrained wp-block-group-is-layout-constrained\">\n<ul class=\"wp-block-list\">\n<li>Freie Mitarbeiterin<\/li>\n\n\n\n<li>Gepr\u00fcfte Bilanzbuchhalterin IHK<\/li>\n\n\n\n<li>35-j\u00e4hrige Erfahrung mit DATEV im Steuerb\u00fcro<\/li>\n\n\n\n<li>Jahresabschl\u00fcsse (inkl. Kapitalgesellschaften)<\/li>\n\n\n\n<li>Finanzbuchhaltung (DATEV und Agenda)<\/li>\n\n\n\n<li>Lohnbuchhaltung (Lodas + Lohn und Gehalt)\n<ul class=\"wp-block-list\">\n<li><strong>Bauhaupt- und Baunebengewerbe<\/strong><\/li>\n\n\n\n<li><strong>\u00f6ffentlicher Dienst<\/strong><\/li>\n<\/ul>\n<\/li>\n\n\n\n<li>Steuererkl\u00e4rungen<\/li>\n<\/ul>\n<\/div>\n\n\n\n<div class=\"wp-block-group has-global-padding is-layout-constrained wp-block-group-is-layout-constrained\">\n<ul id=\"privatpersonen\" class=\"wp-block-list fancybox-hidden\">\n<li>Sortieren und Ordnen von Unterlagen<\/li>\n\n\n\n<li>Unterst\u00fctzung bei der Digitalisierung<\/li>\n\n\n\n<li>Hilfe bei Briefen und Formularen<\/li>\n\n\n\n<li>Datenerfassung, Scanservice<\/li>\n<\/ul>\n<\/div>\n","protected":false},"excerpt":{"rendered":"<p>f\u00fcr Unternehmen f\u00fcr Steuerberater f\u00fcr Privatpersonen Wir k\u00fcmmern uns um Ihre Buchhaltung, nicht um Ihre Steuer- und Rechtsbelange * Das Buchen der laufenden Gesch\u00e4ftsvorf\u00e4lle erfolgt ausschlie\u00dflich im Rahmen der Beschr\u00e4nkungen des StBerG nach \u00a7 6 Nr. 4 StBerG). Es erfolgt somit keine Steuer- und Rechtsberatung. Die Leistungen umfassen das Buchen laufender Gesch\u00e4ftsvorf\u00e4lle und der laufenden [&hellip;]<\/p>\n","protected":false},"author":1,"featured_media":0,"parent":0,"menu_order":0,"comment_status":"closed","ping_status":"closed","template":"","meta":{"footnotes":""},"class_list":["post-54","page","type-page","status-publish","hentry"],"_links":{"self":[{"href":"https:\/\/www.grote-office.de\/index.php?rest_route=\/wp\/v2\/pages\/54","targetHints":{"allow":["GET"]}}],"collection":[{"href":"https:\/\/www.grote-office.de\/index.php?rest_route=\/wp\/v2\/pages"}],"about":[{"href":"https:\/\/www.grote-office.de\/index.php?rest_route=\/wp\/v2\/types\/page"}],"author":[{"embeddable":true,"href":"https:\/\/www.grote-office.de\/index.php?rest_route=\/wp\/v2\/users\/1"}],"replies":[{"embeddable":true,"href":"https:\/\/www.grote-office.de\/index.php?rest_route=%2Fwp%2Fv2%2Fcomments&post=54"}],"version-history":[{"count":73,"href":"https:\/\/www.grote-office.de\/index.php?rest_route=\/wp\/v2\/pages\/54\/revisions"}],"predecessor-version":[{"id":256,"href":"https:\/\/www.grote-office.de\/index.php?rest_route=\/wp\/v2\/pages\/54\/revisions\/256"}],"wp:attachment":[{"href":"https:\/\/www.grote-office.de\/index.php?rest_route=%2Fwp%2Fv2%2Fmedia&parent=54"}],"curies":[{"name":"wp","href":"https:\/\/api.w.org\/{rel}","templated":true}]}}